at is b(10)?
-33
Let k(c) = c**3 + 2*c - 3. What is k(1)?
0
Let y(n) = 4*n**3 - 2*n**2 + n. What is y(1)?
3
Let m(v) = 35*v + 588. Determine m(-17).
-7
Let u(x) = -x**3 - 16*x**2 + 2*x + 21. What is u(-16)?
-11
Let o(x) = -6*x**2 - 4*x - 5. Determine o(-2).
-21
Let n(h) = -h**3 + 7*h**2 + 9*h - 10. Give n(8).
-2
Let j(b) = -2*b**2 - 2*b + 10. What is j(-4)?
-14
Let k(p) = 21*p - 123. Determine k(6).
3
Let c(g) = -34*g**3 - 2*g**2 + 2*g - 1. Determine c(1).
-35
Let v(k) = k**2 - 9*k - 2. Determine v(9).
-2
Let n(r) = -3*r**3 + 68*r**2 - 41*r - 62. Give n(22).
4
Let g(i) = 19*i + 40. Determine g(-6).
-74
Let w(r) = 4*r**3 - 2*r**2 - 2*r - 1. Determine w(-2).
-37
Let l(u) = 4*u + 37. Give l(-6).
13
Let o(k) = -k - 29. Give o(-12).
-17
Let s(z) = z**2 - 4*z + 1. Give s(7).
22
Let n(d) = -76*d + 7. Calculate n(-2).
159
Let n(w) = -8*w + 10. Give n(6).
-38
Let f(l) = 3*l - 39. What is f(12)?
-3
Let m(j) = -j**3 - 13*j**2 - 3*j + 16. Determine m(-13).
55
Let z(k) = -2*k**2 + 13*k - 1. Determine z(7).
-8
Let k(y) = -3*y**2 - 3*y - 4. Calculate k(-2).
-10
Let n(d) = d**3 + 28*d**2 + 27*d - 12. Calculate n(-27).
-12
Let g(f) = 10*f**2 + 19*f. Calculate g(-3).
33
Let m(z) = -5*z**3 + 16*z**2 - 4*z + 4. Give m(3).
1
Let v(x) = x**3 + 5*x**2 - 4. Determine v(-4).
12
Let n(c) = 3*c + 23. What is n(-7)?
2
Let w(p) = 7*p - 26. Calculate w(4).
2
Let h(d) = 7*d**2 + 2*d - 2. Determine h(2).
30
Let o(a) = -a**3 + 3*a**2 + 12*a - 31. Give o(3).
5
Let g(h) = h. What is g(9)?
9
Let l(i) = -i**2 + i + 3. What is l(-5)?
-27
Let r(x) = -2*x - 25. Determine r(-13).
1
Let x(t) = 30*t - 178. What is x(6)?
2
Let q(g) = -2*g**2 + 5*g + 27. What is q(-3)?
-6
Let r(a) = a**2 + 10*a + 20. Determine r(-8).
4
Let d(k) = -k**3 - 10*k**2 - k + 5. Give d(-9).
-67
Let w(t) = -5*t**3 + t**2 + 30*t + 29. Give w(-1).
5
Let y(f) = f**2 + 4*f - 4. Determine y(11).
161
Let h(w) = 8*w + 89. What is h(-11)?
1
Let q(x) = 3*x - 13. Determine q(14).
29
Let i(d) = -d**2 - 2*d + 27. Determine i(0).
27
Let y(z) = -3*z + 1. Determine y(-1).
4
Let g(j) = 3*j**3 + 14*j**2 - 4*j + 3. What is g(-5)?
-2
Let q(u) = -63*u + 502. Give q(8).
-2
Let i(h) = -3*h + 33. Calculate i(11).
0
Let k(g) = -16*g + 38. What is k(2)?
6
Let o(p) = -p**3 - 9*p**2 + p + 9. Give o(-9).
0
Let b(v) = -43*v - 2. Give b(-2).
84
Let n(d) = -8*d + 47. What is n(15)?
-73
Let w(v) = -v**3 + 33*v**2 - 31*v + 5. What is w(32)?
37
Let k(m) = -16*m**3 - m**2 + m - 1. Give k(1).
-17
Let y(i) = -4*i**3 + 10*i**2 + 14*i - 1. Calculate y(-2).
43
Let i(z) = z**3 - 9*z**2 - 6*z + 21. Give i(9).
-33
Let i(p) = -p**2 - 7*p + 118. Calculate i(-15).
-2
Let h(i) = 32*i - 86. Determine h(3).
10
Let y(x) = 4*x - 19. What is y(7)?
9
Let g(l) = l**2 + 13*l - 8. Give g(-14).
6
Let h(r) = -149*r - 7. Determine h(-1).
142
Let t(i) = 2*i - 22. Give t(18).
14
Let k(i) = i**3 + i**2 - i - 6. What is k(0)?
-6
Let c(m) = -m**3 + 5*m**2 + 8*m + 16. What is c(8)?
-112
Let d(p) = p**2 - 2*p - 143. Calculate d(13).
0
Let x(v) = -v + 13. Calculate x(9).
4
Let u(p) = p**2 - 29*p + 29. Calculate u(25).
-71
Let h(c) = c + 22. Determine h(-24).
-2
Let m(a) = -a**2 + 2. Determine m(2).
-2
Let p(q) = -q**2 + 5*q - 1. Calculate p(3).
5
Let u(c) = -12*c - 89. Give u(-9).
19
Let x(s) = s**3 - 5*s - 1. Determine x(-3).
-13
Let y(a) = a**3 - 5*a**2 + a + 4. Give y(3).
-11
Let v(x) = x**2 - 4*x - 5. Calculate v(4).
-5
Let s(a) = a**3 - a**2 - 4*a - 1. Determine s(3).
5
Let s(y) = 5*y + 3. Determine s(-3).
-12
Let l(o) = -o**3 + 3*o**2 - 4*o + 12. Determine l(3).
0
Let q(g) = -2*g**2 - 18*g + 8. Give q(-8).
24
Let u(s) = 53*s. Calculate u(1).
53
Let z(j) = -3*j**2 - 54*j - 99. What is z(-16)?
-3
Let j(x) = x**2 + 9*x + 12. Determine j(-8).
4
Let f(c) = -c**3 - 15*c**2 - 35*c + 10. Determine f(-12).
-2
Let t(g) = -g**3 - 34*g**2 - g - 35. Give t(-34).
-1
Let a(n) = n**3 + 3*n**2 - 10*n - 14. Calculate a(-5).
-14
Let y(h) = h**2 - h - 6. What is y(8)?
50
Let l(t) = t**2 - t - 134. Calculate l(12).
-2
Let d(l) = l**3 + 10*l**2 + 15*l - 7. Determine d(-8).
1
Let c(j) = 15*j**2 - 5*j + 3. Calculate c(1).
13
Let j(x) = -4*x + 7. Calculate j(-10).
47
Let n(b) = -2*b**3 - 5*b**2 + 7*b + 8. Give n(-3).
-4
Let s(v) = -v + 5. What is s(-6)?
11
Let c(x) = -4*x**2 + 98*x - 53. Determine c(24).
-5
Let u(k) = -2*k**2 - 4*k + 3. Give u(-3).
-3
Let w(y) = -y**2 + 25*y + 68. Calculate w(26).
42
Let r(k) = k**3 + 9*k**2 + 6*k - 3. Determine r(-8).
13
Let d(j) = 11*j - 52. Calculate d(9).
47
Let i(c) = -c**2 + 4*c + 7. Determine i(6).
-5
Let x(c) = -c**2 - 14*c - 9. Calculate x(-9).
36
Let f(j) = 7*j - 8. What is f(1)?
-1
Let i(w) = -w**3 - 5*w**2 - 3*w - 4. What is i(-5)?
11
Let o(s) = -16*s - 94. Determine o(-5).
-14
Let o(l) = -l**3 - 2*l**2 + 7*l + 3. Determine o(-4).
7
Let j(m) = -3*m**2 + 6*m - 8. Give j(4).
-32
Let r(m) = -76*m + 308. Determine r(4).
4
Let n(c) = -2*c - 24. Give n(-10).
-4
Let k(b) = b**2 + 10*b + 9. Determine k(-9).
0
Let u(g) = -g - 7. Determine u(5).
-12
Let g(w) = -w + 5. Calculate g(8).
-3
Let i(m) = 23*m**2 - 2*m + 1. Give i(1).
22
Let m(g) = -g**2 - 6*g + 24. Determine m(7).
-67
Let l(m) = m**3 + m - 9. Determine l(0).
-9
Let y(b) = 4*b - 4. Determine y(2).
4
Let u(y) = -y**3 + 13*y**2 - 13*y - 23. What is u(12)?
-35
Let d(m) = m**3 + 36*m**2 + 34*m - 27. Give d(-35).
8
Let q(k) = -k**2 - 13*k + 54. What is q(-16)?
6
Let z(o) = -o + 3. Determine z(19).
-16
Let n(q) = -q**3 - 2*q**2 + 2*q - 3. Give n(2).
-15
Let s(b) = b**2 - 19*b - 292. Give s(29).
-2
Let i(y) = -y + 20. Calculate i(16).
4
Let i(d) = -d**3 + 7*d**2 - 2*d - 4. What is i(7)?
-18
Let a(n) = -8*n + 2. Calculate a(1).
-6
Let k(m) = m**2 + 9*m - 13. Determine k(-10).
-3
Let v(w) = -w**3 - 5*w**2 - 2*w + 8. Calculate v(-4).
0
Let g(t) = -9*t + 335. What is g(40)?
-25
Let g(l) = l**3 + 36*l**2 + 69*l + 38. Give g(-34).
4
Let t(v) = v**3 - 8*v**2 - 8*v + 8. What is t(9)?
17
Let u(j) = -j**2 - 2*j + 15. Determine u(-6).
-9
Let q(y) = 3*y. Calculate q(-4).
-12
Let b(x) = 2*x - 38. What is b(19)?
0
Let c(x) = -x**3 + 19*x**2 - 24*x + 17. Give c(18).
-91
Let p(z) = z**2 - 14*z + 23. What is p(12)?
-1
Let b(h) = -3*h + 20. What is b(6)?
2
Let m(a) = a**3 + 3*a**2 + 2*a + 22. Calculate m(-4).
-2
Let w(g) = -g**2 - 4*g + 126. Determine w(10).
-14
Let q(n) = n**2 + 15*n - 25. Give q(-17).
9
Let a(r) = r**3 + 5*r**2 + 11*r + 12. Calculate a(-2).
2
Let m(d) = 11*d + 342. Determine m(-31).
1
Let q(n) = n**3 + 11*n**2 + 11*n + 8. Give q(-10).
-2
Let w(q) = 2*q**2 + 47*q - 127. Calculate w(-26).
3
Let q(w) = 45*w + 1. Calculate q(1).
46
Let g(v) = v**3 + 8*v**2 - 10*v - 97. Give g(-7).
22
Let w(x) = 3*x + 63. Give w(-21).
0
Let o(n) = 6*n + 17. Calculate o(-2).
5
Let f(i) = -5*i - 20. Calculate f(-4).
0
Let g(s) = -2*s**2 + 12*s + 1. What is g(7)?
-13
Let x(i) = -i**2 + i + 21. What is x(4)?
9
Let q(u) = -u**2 - 10*u - 17. What is q(-4)?
7
Let p(y) = y**2 - 19*y + 80. Give p(13).
2
Let h(u) = u**3 - u**2 - 4*u - 3. Determine h(-4).
-67
Let j(f) = -f - 19. Calculate j(6).
-25
Let o(q) = q**3 - 23*q**2 + 2*q + 12. Give o(23).
58
Let u(v) = -v**3 - 4*v**2 + 2*v + 3. Determine u(-2).
-9
Let y(z) = z - 1. Determine y(8).
7
Let q(n) = n**3 + 5*n**2 - 8*n - 2. Determine q(-6).
10
Let a(k) = 9*k**2 - 65*k + 6. Calculate a(7).
-8
Let n(h) = 37*h + 8. Give n(-1).
-29
Let p(o) = -11*o + 70. Give p(5).
15
Let o(q) = -20*q - 1. Give o(-2).
39
Let b(g) = -g**3 + 15*g**2 + 20*g - 71. Determine b(16).
-7
Let i(n) = -8*n - 39. Determine i(-5).
1
Let g(d) = 2*d**3 - 53*d**2 + 22*d + 98. Determine g(26).
-6
Let a(s) = -s**3 + s**2 + 4*s + 5. Determine a(4).
-27
Let t(n) = n**3 + 7*n**2 + n + 1. Give t(-3).
34
Let b(d) = -2*d + 16. Give b(9).
-2
Let c(j) = j**3 - 3*j**2 + 2*j - 2. Determine c(2).
-2
Let m(t) = -6*t - 2. Determine m(-2).
10
Let b(k) = -k**3 + k**2 + 4. Determine b(2).
0
Let y(p) = p**2 + p - 9. Determine y(-3).
-3
Let l(y) = -y**3 - 16*y**2 + y + 13. Determine l(-16).
-3
Let p(w) = 2*w**2 + 60*w + 70. Calculate p(-29).
12
Let g(p) = 3*p**3 + p**2 - 7*p + 5. Determine g(2).
19
Let k(h) = -h**3 - 5*h**2 + 9*h + 4. What is k(-6)?
-14
Let v(b) = 5*b**2 - 13*b + 4. Calculate v(5).
64
Let c(v) = v**2 + 8*v + 10. Determine c(-5).
-5
Let t(j) = -39*j + 43. Determine t(1).
4
Let v(j) = 2*j - 11. Calculate v(9).
7
Let w(j) = 5